{"id":10,"date":"2019-02-04T12:27:47","date_gmt":"2019-02-04T15:27:47","guid":{"rendered":"\/\/cloud.r9.cl\/gerdau\/?page_id=10"},"modified":"2019-06-26T13:44:55","modified_gmt":"2019-06-26T16:44:55","slug":"inicio","status":"publish","type":"page","link":"https:\/\/aza.r9.cl\/aza\/","title":{"rendered":"Inicio"},"content":{"rendered":"<section class=\"l-section wpb_row height_auto color_custom\" style=\"background-color: #184c8c; color: #ffffff;\"><div class=\"l-section-h i-cf\" style=\"padding-top: 10px !important;padding-bottom: 10px !important;\"><div class=\"g-cols vc_row type_default valign_top\"><div class=\"vc_col-sm-12 wpb_column vc_column_container\"><div class=\"vc_column-inner\"><div class=\"wpb_wrapper\">[vc_custom_heading text=&#8221;Red de Monitoreo&#8221; font_container=&#8221;tag:h3|text_align:left&#8221; google_fonts=&#8221;font_family:Roboto%3A100%2C100italic%2C300%2C300italic%2Cregular%2Citalic%2C500%2C500italic%2C700%2C700italic%2C900%2C900italic|font_style:300%20light%20regular%3A300%3Anormal&#8221;]<\/div><\/div><\/div><\/div><\/div><\/section><section class=\"l-section wpb_row height_medium\"><div class=\"l-section-h i-cf\"><div class=\"g-cols vc_row type_default valign_top\"><div class=\"vc_col-sm-3 wpb_column vc_column_container\"><div class=\"vc_column-inner\"><div class=\"wpb_wrapper\"><div class=\"w-image align_none\"><div class=\"w-image-h\"><img width=\"601\" height=\"450\" src=\"https:\/\/aza.r9.cl\/aza\/wp-content\/uploads\/2019\/02\/portada.jpg\" class=\"attachment-large size-large\" alt=\"\" decoding=\"async\" loading=\"lazy\" srcset=\"https:\/\/aza.r9.cl\/aza\/wp-content\/uploads\/2019\/02\/portada.jpg 601w, https:\/\/aza.r9.cl\/aza\/wp-content\/uploads\/2019\/02\/portada-300x225.jpg 300w, https:\/\/aza.r9.cl\/aza\/wp-content\/uploads\/2019\/02\/portada-600x450.jpg 600w\" sizes=\"(max-width: 601px) 100vw, 601px\" \/><\/div><\/div><\/div><\/div><\/div><div class=\"vc_col-sm-9 wpb_column vc_column_container\"><div class=\"vc_column-inner\"><div class=\"wpb_wrapper\">\r\n\t<div class=\"wpb_text_column \">\r\n\t\t<div class=\"wpb_wrapper\">\r\n\t\t\t<header class=\"entry-header\">\n<h2>Monitoreo Calidad del Aire<\/h2>\n<\/header>\n<p>Como parte de la pol\u00edtica integrada de calidad, seguridad, medioambiente y\u00a0 el cumplimiento de la normativa vigente, Acero AZA S.A. asume el compromiso de monitorear la calidad del aire, mediante 2 estaciones \u00a0que cuentan con equipamiento adecuado para medir material particulado presente en el aire y las variables meteorol\u00f3gicas que influyen en la dispersi\u00f3n y\/o concentraci\u00f3n de este contaminante.<\/p>\n<p>Se entiende como estaciones de calidad del aire a casetas donde se verifica la presencia de distintos tipos de contaminantes y cuyos resultados sirven de base para acreditar la calidad del aire ante la autoridad competente.<\/p>\n\r\n\t\t<\/div>\r\n\t<\/div>\r\n<\/div><\/div><\/div><\/div><\/div><\/section><section class=\"l-section wpb_row height_medium\"><div class=\"l-section-h i-cf\"><div class=\"g-cols vc_row type_default valign_top\"><div class=\"vc_col-sm-12 wpb_column vc_column_container\"><div class=\"vc_column-inner\"><div class=\"wpb_wrapper\">\r\n\t<div class=\"wpb_text_column \">\r\n\t\t<div class=\"wpb_wrapper\">\r\n\t\t\t<h2>Material Particulado (PM) PM10 y PM2.5<\/h2>\n<p>El PM se define como la mezcla heterog\u00e9nea de part\u00edculas en suspensi\u00f3n de caracter\u00edsticas s\u00f3lidas y\/o l\u00edquidas (exceptuando el agua) que se encuentran en el aire. Dependiendo de su di\u00e1metro aerodin\u00e1mico el material particulado se puede clasificar en una fracci\u00f3n fina o gruesa, mientras menor sea su di\u00e1metro mayor ser\u00e1 el potencial de da\u00f1o a la salud de las personas. De esta manera el material particulado se subdivide en:<\/p>\n<ul>\n<li>Fracci\u00f3n gruesa (PM10): Di\u00e1metro de 2,5 a 10 micrones. Puede llegar hasta los pulmones.<\/li>\n<li>Fracci\u00f3n fina (PM2,5): Di\u00e1metro menor a 2,5 micrones. Puede ingresar hasta los alv\u00e9olos y luego a la sangre.<\/li>\n<\/ul>\n<p>Variables Medio Ambientales<\/p>\n<p>Esta estaci\u00f3n de monitoreo mide las variables: velocidad del viento, direcci\u00f3n del viento, humedad, temperatura y precipitaciones.<\/p>\n\r\n\t\t<\/div>\r\n\t<\/div>\r\n<\/div><\/div><\/div><\/div><\/div><\/section>\n","protected":false},"excerpt":{"rendered":"[vc_custom_heading text=\"Red de Monitoreo\" font_container=\"tag:h3|text_align:left\" google_fonts=\"font_family:Roboto%3A100%2C100italic%2C300%2C300italic%2Cregular%2Citalic%2C500%2C500italic%2C700%2C700italic%2C900%2C900italic|font_style:300%20light%20regular%3A300%3Anormal\"] Monitoreo Calidad del Aire Como parte de la pol\u00edtica integrada de calidad, seguridad, medioambiente y\u00a0 el cumplimiento de la normativa vigente, Acero AZA S.A. asume el compromiso de monitorear la calidad del aire, mediante 2 estaciones \u00a0que cuentan con equipamiento adecuado para medir material particulado presente en el aire...","protected":false},"author":1,"featured_media":0,"parent":0,"menu_order":0,"comment_status":"closed","ping_status":"closed","template":"","meta":[],"_links":{"self":[{"href":"https:\/\/aza.r9.cl\/aza\/index.php?rest_route=\/wp\/v2\/pages\/10"}],"collection":[{"href":"https:\/\/aza.r9.cl\/aza\/index.php?rest_route=\/wp\/v2\/pages"}],"about":[{"href":"https:\/\/aza.r9.cl\/aza\/index.php?rest_route=\/wp\/v2\/types\/page"}],"author":[{"embeddable":true,"href":"https:\/\/aza.r9.cl\/aza\/index.php?rest_route=\/wp\/v2\/users\/1"}],"replies":[{"embeddable":true,"href":"https:\/\/aza.r9.cl\/aza\/index.php?rest_route=%2Fwp%2Fv2%2Fcomments&post=10"}],"version-history":[{"count":22,"href":"https:\/\/aza.r9.cl\/aza\/index.php?rest_route=\/wp\/v2\/pages\/10\/revisions"}],"predecessor-version":[{"id":376,"href":"https:\/\/aza.r9.cl\/aza\/index.php?rest_route=\/wp\/v2\/pages\/10\/revisions\/376"}],"wp:attachment":[{"href":"https:\/\/aza.r9.cl\/aza\/index.php?rest_route=%2Fwp%2Fv2%2Fmedia&parent=10"}],"curies":[{"name":"wp","href":"https:\/\/api.w.org\/{rel}","templated":true}]}}