{"id":14,"date":"2019-02-04T12:33:37","date_gmt":"2019-02-04T15:33:37","guid":{"rendered":"\/\/cloud.r9.cl\/gerdau\/?page_id=14"},"modified":"2019-06-19T13:54:53","modified_gmt":"2019-06-19T16:54:53","slug":"mapa-calidad-del-aire","status":"publish","type":"page","link":"https:\/\/aza.r9.cl\/aza\/?page_id=14","title":{"rendered":"Estacion de Monitoreo"},"content":{"rendered":"<section class=\"l-section wpb_row height_medium\"><div class=\"l-section-h i-cf\"><div class=\"g-cols vc_row type_default valign_top\"><div class=\"vc_col-sm-12 wpb_column vc_column_container\"><div class=\"vc_column-inner\"><div class=\"wpb_wrapper\">\r\n\t<div class=\"wpb_text_column \">\r\n\t\t<div class=\"wpb_wrapper\">\r\n\t\t\t<header class=\"entry-header\">\n<h2 class=\"entry-title\">Equipos de Estaci\u00f3n de Calidad de Aire AZA<\/h2>\n<p>&nbsp;<\/p>\n<\/header>\n<div class=\"entry-content\">\n<div>\n<h3>Monitor MP 2,5<\/h3>\n<p>El modelo 5014i utiliza los principios combinados en tiempo real de atenuaci\u00f3n Beta. El volumen de la muestra es de precisi\u00f3n controlada y medido con precisi\u00f3n a trav\u00e9s de un orificio subs\u00f3nico.<\/p>\n<div class=\"clear\"><\/div>\n<h3>Monitor MP 10<\/h3>\n<p>El modelo FH 62 C-14 mide cont\u00ednuamente la concentraci\u00f3n de part\u00edculas utilizando el principio de atenuaci\u00f3n Beta. El monitoreo ambiental continuo que provee las part\u00edculas aerotransportadas con una excelente precisi\u00f3n a largo plazo.<\/p>\n<div class=\"clear\"><\/div>\n<h3>Medidor de Metales en el Aire Thermo Partisol<\/h3>\n<p>El modelo 2000-FRM aplica la referencia al est\u00e1ndar EPA para el M\u00e9todo de Muestreador Ambiental Manual para MP 2,5 y MP 10. Este usa un robusto mecanismo de filtro de una-acci\u00f3n que ofrece fiabilidad a un bajo mantenimiento.<\/p>\n<\/div>\n<\/div>\n\r\n\t\t<\/div>\r\n\t<\/div>\r\n<\/div><\/div><\/div><\/div><\/div><\/section>\n","protected":false},"excerpt":{"rendered":"Equipos de Estaci\u00f3n de Calidad de Aire AZA &nbsp; Monitor MP 2,5 El modelo 5014i utiliza los principios combinados en tiempo real de atenuaci\u00f3n Beta. El volumen de la muestra es de precisi\u00f3n controlada y medido con precisi\u00f3n a trav\u00e9s de un orificio subs\u00f3nico. Monitor MP 10 El modelo FH 62 C-14 mide cont\u00ednuamente la...","protected":false},"author":1,"featured_media":0,"parent":0,"menu_order":0,"comment_status":"closed","ping_status":"closed","template":"","meta":[],"_links":{"self":[{"href":"https:\/\/aza.r9.cl\/aza\/index.php?rest_route=\/wp\/v2\/pages\/14"}],"collection":[{"href":"https:\/\/aza.r9.cl\/aza\/index.php?rest_route=\/wp\/v2\/pages"}],"about":[{"href":"https:\/\/aza.r9.cl\/aza\/index.php?rest_route=\/wp\/v2\/types\/page"}],"author":[{"embeddable":true,"href":"https:\/\/aza.r9.cl\/aza\/index.php?rest_route=\/wp\/v2\/users\/1"}],"replies":[{"embeddable":true,"href":"https:\/\/aza.r9.cl\/aza\/index.php?rest_route=%2Fwp%2Fv2%2Fcomments&post=14"}],"version-history":[{"count":13,"href":"https:\/\/aza.r9.cl\/aza\/index.php?rest_route=\/wp\/v2\/pages\/14\/revisions"}],"predecessor-version":[{"id":374,"href":"https:\/\/aza.r9.cl\/aza\/index.php?rest_route=\/wp\/v2\/pages\/14\/revisions\/374"}],"wp:attachment":[{"href":"https:\/\/aza.r9.cl\/aza\/index.php?rest_route=%2Fwp%2Fv2%2Fmedia&parent=14"}],"curies":[{"name":"wp","href":"https:\/\/api.w.org\/{rel}","templated":true}]}}